74.
458
Calculate the greatest common divisor of 40287319 and 5029.
5029
Calculate the greatest common divisor of 143115 and 1160.
145
What is the greatest common divisor of 964960 and 3848?
296
Calculate the highest common factor of 126 and 215670.
42
Calculate the greatest common factor of 2572179 and 1046355.
2649
Calculate the highest common factor of 87 and 30954368.
29
Calculate the highest common divisor of 58535048 and 13585.
2717
Calculate the highest common factor of 4564 and 25260599.
1141
What is the highest common divisor of 1282816 and 21104?
16
Calculate the highest common divisor of 172659 and 46498.
67
What is the highest common divisor of 1693 and 27540031?
1693
Calculate the highest common factor of 1150223 and 120629.
1699
Calculate the highest common factor of 3325 and 9473275.
175
Calculate the greatest common factor of 569147 and 6611.
601
What is the greatest common divisor of 50 and 4602775?
25
What is the highest common divisor of 1690 and 34031530?
1690
Calculate the highest common factor of 23420280 and 72.
24
What is the greatest common divisor of 12112 and 1102839992?
6056
Calculate the greatest common factor of 27689685 and 1020.
255
What is the greatest common factor of 30864128 and 256?
256
What is the highest common factor of 75 and 2826?
3
What is the greatest common factor of 3246894 and 8472?
2118
What is the greatest common divisor of 28847 and 2443?
7
What is the greatest common factor of 10714 and 274668?
974
What is the greatest common divisor of 5206838 and 8281?
637
Calculate the greatest common factor of 100626399 and 794.
397
What is the highest common factor of 10 and 138879170?
10
What is the highest common factor of 3294 and 7276202?
122
What is the highest common factor of 5024916 and 6864?
156
Calculate the highest common divisor of 1227266 and 14.
2
Calculate the highest common divisor of 815 and 6818230.
5
What is the highest common divisor of 15208669 and 931?
49
What is the greatest common factor of 71037 and 428853?
2631
Calculate the greatest common factor of 4450 and 223661450.
4450
Calculate the highest common factor of 1156 and 274706927.
289
What is the highest common factor of 297 and 3912003?
27
What is the highest common factor of 78102854 and 386?
386
What is the highest common divisor of 28596200 and 800?
200
What is the greatest common factor of 132 and 88535964?
132
Calculate the highest common divisor of 1659 and 23388771.
21
Calculate the highest common factor of 7095649 and 66641.
647
Calculate the greatest common factor of 1206 and 4418181.
603
What is the highest common divisor of 957150 and 5850?
450
What is the greatest common factor of 1890702 and 1?
1
What is the greatest common divisor of 2190 and 71774330?
730
Calculate the greatest common divisor of 101541724 and 1112.
556
Calculate the greatest common factor of 23286 and 49094650.
7762
What is the greatest common divisor of 4585 and 3073?
7
What is the highest common factor of 84 and 5491633?
7
Calculate the greatest common divisor of 1820 and 3468140.
260
Calculate the greatest common divisor of 151555006 and 5892.
982
What is the highest common factor of 2721788 and 62521?
607
What is the greatest common factor of 1043770 and 2614235?
2405
What is the highest common factor of 102300 and 14091?
33
What is the greatest common divisor of 3515 and 892405?
5
Calculate the greatest common divisor of 221 and 9188959.
221
Calculate the greatest common divisor of 1050488 and 1424.
8
Calculate the highest common factor of 2715 and 12545472.
543
What is the greatest common divisor of 160 and 565470?
10
Calculate the highest common factor of 486 and 53628399.
243
Calculate the greatest common divisor of 3 and 509177751.
3
Calculate the highest common divisor of 249064 and 2934.
326
What is the highest common divisor of 700424365 and 5923?
5923
Calculate the highest common divisor of 19538 and 138.
2
What is the greatest common factor of 8358 and 364170597?
4179
What is the greatest common divisor of 28 and 33315569?
7
What is the highest common divisor of 137060471 and 57?
19
What is the highest common factor of 35 and 3459715?
35
Calculate the greatest common divisor of 980 and 55628230.
490
What is the highest common factor of 25856 and 265428?
404
What is the highest common factor of 13440 and 83835?
15
Calculate the highest common factor of 179828 and 741422.
1474
Calculate the greatest common divisor of 2850 and 35926150.
950
What is the highest common divisor of 858438980 and 8757?
973
What is the greatest common divisor of 3574 and 69726953?
1787
Calculate the highest common divisor of 859518 and 4158.
594
Calculate the greatest common divisor of 945 and 19690875.
45
Calculate the highest common factor of 948 and 540192.
12
What is the highest common divisor of 73839818 and 3042?
338
What is the greatest common factor of 17353 and 441329?
469
Calculate the highest common divisor of 157502 and 3808450.
2582
Calculate the greatest common divisor of 7592 and 2360488.
104
Calculate the greatest common divisor of 184063 and 4341590.
319
Calculate the highest common factor of 3165468 and 694076.
4012
What is the highest common factor of 6832402 and 605846?
3502
Calculate the greatest common divisor of 74035773 and 17357.
1021
Calculate the highest common factor of 22283334 and 36.
18
What is the greatest common factor of 510072 and 6744?
24
Calculate the highest common divisor of 15584193 and 27.
9
Calculate the highest common divisor of 543 and 513074727.
543
Calculate the greatest common factor of 4830048 and 180.
36
What is the highest common factor of 140 and 394660?
140
Calculate the greatest common divisor of 2046 and 3109238.
682
What is the greatest common divisor of 2819237 and 2825?
113
Calculate the highest common factor of 336 and 419937.
21
Calculate the highest common factor of 1545265 and 160.
5
Calculate the greatest common factor of 4797 and 774244.
41
Calculate the highest common divisor of 7670712 and 868.
28
What is the greatest common divisor of 48688 and 11161008?
2864
Calculate the highest common factor of 432883 and 348.
29
Calculate the greatest common factor of 266176 and 124.
4
What is the highest common factor of 576 and 423999?
9
What is the highest common divisor of 557152 and 99360?
736
What is the highest common factor of 322851 and 24219?
69
Calculate the greatest common factor of 134 and 23126390.
134
What is the greatest common factor of 288575 and 5141?
97
What is the highest common divisor of 242400 and 115350?
150
What is the highest common factor of 1695 and 172813725?
1695
Calculate the highest common factor of 2362361242 and 34.
34
What is the highest common factor of 646 and 2794562?
34
What is the greatest common divisor of 1820827 and 141?
47
Calculate the greatest common divisor of 32 and 79105184.
32
What is the highest common factor of 87203 and 5611?
31
What is the highest common divisor of 1134 and 86081562?
378
Calculate the greatest common factor of 931869 and 37451.
2203
Calculate the greatest common divisor of 28816 and 856.
8
Calculate the greatest common divisor of 6522 and 100997518.
2174
Calculate the highest common factor of 225286 and 58.
2
What is the greatest common factor of 24709140 and 3420?
180
Calculate the greatest common divisor of 8312 and 1014976.
8
What is the greatest common factor of 3614 and 1373181?
139
What is the highest common factor of 7866375 and 66?
33
What is the highest common factor of 11 and 259180361?
11
Calculate the greatest common divisor of 47458 and 215506.
778
What is the greatest common divisor of 3478 and 6087314?
74
Calculate the highest common divisor of 27131151 and 1161.
129
Calculate the highest common divisor of 3905 and 165889370.
355
Calculate the greatest common divisor of 301750 and 6000.
250
What is the highest common factor of 4722 and 8836436?
1574
What is the greatest common divisor of 2146722 and 16?
2
What is the highest common divisor of 759 and 36380871?
69
Calculate the highest common factor of 90 and 1099548990.
90
What is the greatest common factor of 2554 and 79592?
2
Calculate the highest common divisor of 2359254 and 96.
6
Calculate the highest common divisor of 19989 and 38536571.
2221
Calculate the hi